{"id":658,"date":"2017-12-07T18:26:09","date_gmt":"2017-12-07T17:26:09","guid":{"rendered":"http:\/\/www.coneixermarata.cat\/?page_id=658"},"modified":"2017-12-08T16:57:38","modified_gmt":"2017-12-08T15:57:38","slug":"mossen-matheu","status":"publish","type":"page","link":"https:\/\/www.coneixermarata.cat\/index.php\/mossen-matheu\/","title":{"rendered":"Moss\u00e8n Matheu"},"content":{"rendered":"<p>Moss\u00e8n Matheu (1842-1910) \u00e9s una de les persones m\u00e9s rellevants de Marata fins ara. Alhora, per\u00f2, la seva vida i tasca han estat ben desconegudes per a tothom, ja que les va desenvolupar a Albany, Austr\u00e0lia. All\u00e0 la seva deixa continua ben present.<\/p>\n<p>En els enlla\u00e7os seg\u00fcents podr\u00e0s descarregar el llibre sobre la vida de moss\u00e8n Facundo Matheu. El pdf es va publicar en pdf el 6 de desembre de 2013.<\/p>\n<p><strong>En catal\u00e0:<\/strong><br \/>\n<a href=\"https:\/\/www.dropbox.com\/s\/yp7riohyetwerii\/Catal%C3%A0%20Vida%20Facundo%20Matheu.pdf?dl=0\">La vida de moss\u00e8n Matheu<\/a><br \/>\n<a href=\"https:\/\/www.dropbox.com\/s\/346xt2wh7z18tdk\/Diaris%20catalans%20Facundo%20Matheu.pdf?dl=0\">Diaris catalans<\/a><br \/>\n<a href=\"https:\/\/www.dropbox.com\/s\/8p0wkz5fqbsggmc\/Arxiduc%20Facundo%20Matheu.pdf?dl=0\">Coneixen\u00e7a amb l&#8217;Arxiduc Llu\u00eds Salvador d&#8217;\u00c0ustria<\/a><\/p>\n<p><strong>English:<\/strong><br \/>\n<a href=\"https:\/\/www.dropbox.com\/s\/kmfka44xr422axs\/Angl%C3%A8s%20Life%20Facundo%20Matheu.pdf?dl=0\">Father Matheu&#8217;s life<\/a><br \/>\n<a href=\"https:\/\/www.dropbox.com\/s\/xvu0viprpfjbug2\/Australian%20newspapers%20Facundo%20Matheu.pdf?dl=0\">Australians newspapers<\/a><br \/>\n<a href=\"http:\/\/Ludwig Salvator of Austria\">Meeting Ludwig Salvator of Austria<\/a><\/p>\n<p><strong>Catal\u00e0 i angl\u00e8s:<\/strong><br \/>\n<a href=\"https:\/\/www.dropbox.com\/s\/61v6xbz7rro8qs9\/Documents%20Facundo%20Matheu.pdf?dl=0\">Fotos i documents<\/a><br \/>\n<a href=\"https:\/\/www.dropbox.com\/s\/61v6xbz7rro8qs9\/Documents%20Facundo%20Matheu.pdf?dl=0\">Documents del Vatic\u00e0\/Vatican&#8217;s documents<\/a><\/p>\n<p>Les noves descobertes, tant de moss\u00e8n Matheu com de Marata, es publicaran al blog M\u00e9s Marata.<\/p>\n","protected":false},"excerpt":{"rendered":"<p>Moss\u00e8n Matheu (1842-1910) \u00e9s una de les persones m\u00e9s rellevants de Marata fins ara. Alhora, per\u00f2, la seva vida i tasca han estat ben desconegudes per a tothom, ja que les va desenvolupar a Albany, Austr\u00e0lia. All\u00e0 la seva deixa continua ben present. En els enlla\u00e7os seg\u00fcents podr\u00e0s descarregar el llibre sobre la vida de [&hellip;]<\/p>\n","protected":false},"author":1,"featured_media":674,"parent":0,"menu_order":0,"comment_status":"closed","ping_status":"closed","template":"","meta":[],"_links":{"self":[{"href":"https:\/\/www.coneixermarata.cat\/index.php\/wp-json\/wp\/v2\/pages\/658"}],"collection":[{"href":"https:\/\/www.coneixermarata.cat\/index.php\/wp-json\/wp\/v2\/pages"}],"about":[{"href":"https:\/\/www.coneixermarata.cat\/index.php\/wp-json\/wp\/v2\/types\/page"}],"author":[{"embeddable":true,"href":"https:\/\/www.coneixermarata.cat\/index.php\/wp-json\/wp\/v2\/users\/1"}],"replies":[{"embeddable":true,"href":"https:\/\/www.coneixermarata.cat\/index.php\/wp-json\/wp\/v2\/comments?post=658"}],"version-history":[{"count":14,"href":"https:\/\/www.coneixermarata.cat\/index.php\/wp-json\/wp\/v2\/pages\/658\/revisions"}],"predecessor-version":[{"id":684,"href":"https:\/\/www.coneixermarata.cat\/index.php\/wp-json\/wp\/v2\/pages\/658\/revisions\/684"}],"wp:featuredmedia":[{"embeddable":true,"href":"https:\/\/www.coneixermarata.cat\/index.php\/wp-json\/wp\/v2\/media\/674"}],"wp:attachment":[{"href":"https:\/\/www.coneixermarata.cat\/index.php\/wp-json\/wp\/v2\/media?parent=658"}],"curies":[{"name":"wp","href":"https:\/\/api.w.org\/{rel}","templated":true}]}}